t is -3159013 (base 10) in base 5?
-1302042023
-1447488 (base 9) to base 5
-201040023
Convert -2256330 (base 9) to base 11.
-762473
What is -220120231 (base 4) in base 11?
-103313
100000110100001001101 (base 2) to base 10
1075277
43441325 (base 6) to base 8
4743725
11330022 (base 5) to base 15
211ac
Convert -1607050 (base 8) to base 6.
-13524344
23cc5 (base 13) to base 14
1a034
Convert 29216 (base 11) to base 15.
c480
55860 (base 15) to base 5
32200030
What is 236816 (base 15) in base 2?
110011101010000011000
4303055 (base 6) to base 14
56a95
What is 1b549 (base 13) in base 11?
37329
-198a03 (base 13) to base 4
-2132012323
What is 17436767 (base 8) in base 15?
55894a
Convert 3c728 (base 13) to base 5.
12111024
What is -2aa9ab3 (base 12) in base 8?
-41102347
122432 (base 6) to base 9
16032
-7da529 (base 14) to base 6
-232001145
What is 1210222023 (base 4) in base 3?
202221120100
Convert 1ebc5a (base 15) to base 4.
11300023003
What is -327031 (base 8) in base 14?
-2c1a9
What is 15dca5 (base 16) in base 11?
899492
Convert -28c576 (base 13) to base 2.
-11110011101111101100
13232220 (base 4) to base 11
21869
What is -64966 (base 13) in base 8?
-542777
What is -1120022121021 (base 3) in base 7?
-10036306
What is -20000022011 (base 3) in base 8?
-347056
What is 11010001100111010001 (base 2) in base 14?
184c6d
-129561 (base 11) to base 7
-1503535
Convert -42221412 (base 5) to base 14.
-9213c
What is 199289 (base 10) in base 2?
110000101001111001
Convert -415110 (base 8) to base 11.
-94593
43124013 (base 6) to base 7
13542255
Convert -9ce17 (base 15) to base 8.
-1717141
Convert -77872 (base 15) to base 8.
-1346003
816084 (base 9) to base 13
13c04b
What is -3519534 (base 11) in base 6?
-335431132
What is 29d9a (base 15) in base 4?
200320213
What is -2535125 (base 6) in base 4?
-201133331
What is -8196a (base 13) in base 4?
-320231212
Convert 102320010 (base 4) to base 5.
4433231
Convert 1d3bdb (base 15) to base 2.
101011101001100100010
-6217343 (base 8) to base 6
-55141443
24220222 (base 5) to base 6
4503424
What is 6b3662 (base 12) in base 10?
1727210
What is -6178d6 (base 15) in base 9?
-8640533
What is 41621330 (base 7) in base 5?
1400033401
3b9019 (base 12) to base 6
33120033
Convert 1511240 (base 7) to base 12.
9a462
What is 13ac84 (base 13) in base 7?
4042400
1100000100111000010001 (base 2) to base 15
427ec8
Convert -1403016 (base 14) to base 13.
-20131b2
-767562 (base 9) to base 2
-1101111111000100001
Convert -304203404 (base 5) to base 14.
-244424
1101001010000010 (base 2) to base 3
2201220221
Convert -200231230 (base 4) to base 15.
-29a81
Convert -1709c (base 16) to base 4.
-113002130
What is -20102112102200 (base 3) in base 11?
-1a23284
Convert -1012120200012211 (base 3) to base 2.
-1000010000011001101001100
5ea82 (base 15) to base 3
120101021212
What is 364111 (base 8) in base 6?
2402413
a61590 (base 12) to base 15
369d7c
5233406 (base 7) to base 8
2317025
-63a82 (base 15) to base 9
-531725
What is 22221002011002 (base 3) in base 10?
4745171
Convert 177361 (base 8) to base 6.
1222053
-451a16 (base 11) to base 7
-6056013
Convert -90230a (base 13) to base 9.
-6260536
-220141034 (base 5) to base 12
-395a59
Convert 102243241 (base 5) to base 6.
13123411
2838252 (base 9) to base 13
42868a
What is -3201030213 (base 4) in base 9?
-1655266
-4970691 (base 11) to base 13
-1a36259
Convert 3134401 (base 7) to base 15.
77251
Convert -227 (base 12) to base 2.
-100111111
204d82 (base 14) to base 15
167b41
-15aa7b1 (base 13) to base 8
-32530465
What is -1222111222020 (base 3) in base 9?
-1874866
-21004a (base 14) to base 9
-2077262
What is -2095c (base 14) in base 3?
-10222221000
Convert -100142332 (base 5) to base 12.
-171614
Convert -23253003 (base 7) to base 11.
-1178782
726668 (base 16) to base 14
dd238c
9ac9 (base 14) to base 13
c2a1
1121033 (base 5) to base 13
9226
What is -60085 (base 12) in base 11?
-85608
Convert -3062310 (base 8) to base 10.
-812232
Convert 11421142 (base 5) to base 2.
11010010010011000
-17180 (base 11) to base 8
-57147
What is -1808a74 (base 12) in base 4?
-103002233320
What is 3014768 (base 9) in base 6?
54215525
What is -2550365 (base 7) in base 10?
-331532
What is 12111442 (base 6) in base 9?
642868
What is 1137120 (base 8) in base 2?
1001011111001010000
e1a2 (base 15) to base 9
72288
2013045 (base 8) to base 6
15205301
What is 946a7 (base 11) in base 16?
21ad0
186b3d (base 14) to base 15
120e37
What is 1430042 (base 6) in base 9?
134028
What is 102202000220 (base 3) in base 5?
24343432
-11454453 (base 6) to base 16
-592a1
What is 584c8 (base 16) in base 8?
1302310
-29a350 (base 11) to base 15
-93834
What is 364738 (base 9) in base 15?
452db
What is -13c23 (base 16) in base 2?
-10011110000100011
What is -17106183 (base 9) in base 10?
-8566635
Convert 57224 (base 10) to base 5.
3312344
What is -4647722 (base 9) in base 15?
-349462
34935b0 (base 12) to base 3
201002110121120
What is -1403032240 (base 5) in base 9?
-6632752
Convert -97a23 (base 13) to base 3.
-111221001121
What is 218903 (base 11) in base 2?
1010101000101000011
Convert 2330032211 (base 4) to base 10.
770981
Convert 3378156 (base 12) to base 16.
9681d2
What is 1531314 (base 6) in base 3?
11120010101
What is -232120610 (base 7) in base 14?
-1c71c07
Convert 1764516 (base 8) to base 12.
210066
What is -90115 (base 11) in base 14?
-360dc
Convert 87828 (base 12) to base 10.
179168
11000010011110000 (base 2) to base 11
68897
What is 102102211 (base 3) in base 4?
2002102
ed26 (base 15) to base 3
2112212200
Convert -164caa (base 13) to base 6.
-15511011
Convert -2002299 (base 12) to base 11.
-3411802
-2610324 (base 7) to base 13
-bb224
322506 (base 9) to base 14
50042
2165644 (base 7) to base 5
32043202
Convert 299a031 (base 11) to base 4.
103212110132
14628f (base 16) to base 7
14232621
Convert -4324100103 (base 5) to base 12.
-30bb85a
2543b19 (base 12) to base 15
994a76
What is -10010220200201 (base 3) in base 15?
-23034d
What is -6014 (base 10) in base 9?
-8222
11a3951 (base 12) to base 14
65ab6d
What is -bdb88 (base 15) in base 3?
-1010122122102
What is -128a879 (base 11) in base 4?
-20133100003
2344757 (base 8) to base 15
ca12e
204a599 (base 13) to base 12
3341b83
-1849ac1 (base 15) to base 4
-1003201201003
Convert 397470 (base 12) to base 4.
3212323110
What is -1102120113 (base 4) in base 3?
-122010212110
What is -1011221000 (base 4) in base 9?
-474252
What is -1365333 (base 13) in base 14?
-b558b2
-51b309 (base 12) to base 13
-35c78a
-200301230 (base 4) to base 2
-100000110001101100
What is -339709 (base 11) in base 6?
-15323331
917031 (base 11) to base 5
334122301
21016 (base 14) to base 15
188b6
Convert -150534042 (base 6) to base 8.
-13723412
What is 154057 (base 13) in base 14?
d8822
35562 (base 13) to base 4
113310321
Convert 20215102 (base 6) to base 12.
23a492
Convert -95acd3 (base 14) to base 5.
-2243444343
Convert -334771 (base 10) to base 13.
-b94b8
-1001110122201 (base 3) to base 12
-23033a
Convert -1123443011 (base 5) to base 11.
-14a0074
What is -50326a (base 15) in base 14?
-71183c
Convert -90172 (base 13) to base 9.
-431861
-3041253 (base 6) to base 5
-14123343
-6d6b0 (base 14) to base 2
-1000001010011101010
10438c (base 13) to base 6
12054304
Convert 16510e (base 15) to base 8.
4075657
3053532 (base 7) to base 12
157b49
What is -170346 (base 12) in base 3?
-202001010000
e4730 (base 16) to base 4
3210130300
Convert 1365777 (base 9) to base 4.
2313221230
-123013033 (base 4) to base 13
-3b719
What is -432531331 (base 6) in base 3?
-112110221010201
Convert -1d36a9 (base 14) to base 3.
-1222011220222
What is -231aa18 (base 11) in base 5?
-2014233310
211243132 (base 5) to base 13
24c59b
Convert 510145 (base 6) to base 8.
116461
a7c6c (base 13) to base 11
197802
-123531322 (base 7) to base 8
-35760702
31d70a (base 14) to base 11
a53a22
Convert -13103577 (base 10) to base 16.
-c7f1d9
What is 210102110 (base 3) in base 9?
23373
Convert -6c5438 (base 16) to base 13.
-1617575
What is 704472 (base 9) in base 16?
65b88
What is 1176684 (base 10) in base 13?
322782
What is -66263 (base 8) in base 13?
-c887
Convert -1663a64 (base 11) to base 2.
-1010110011001010001010
What is 4b61d5 (base 16) in base 12?
17a2b31
Convert 13854 (base 15) to base 12.
302b1
Convert